{"id":1109,"date":"2021-06-17T17:14:59","date_gmt":"2021-06-17T15:14:59","guid":{"rendered":"https:\/\/poll-berlin.de\/galerie\/?page_id=1109"},"modified":"2024-03-12T16:32:37","modified_gmt":"2024-03-12T15:32:37","slug":"biografie","status":"publish","type":"page","link":"https:\/\/poll-berlin.de\/galerie\/kuenstler-der-galerie\/peter-herrmann\/biografie\/","title":{"rendered":"Biografie"},"content":{"rendered":"\n<p><strong>Biografie<\/strong><\/p>\n\n\n\n<div style=\"height:10px\" aria-hidden=\"true\" class=\"wp-block-spacer\"><\/div>\n\n\n\n<figure class=\"wp-block-table\"><table><tbody><tr><td>1937<\/td><td>geboren in Gro\u00dfsch\u00f6nau<\/td><\/tr><tr><td>1951<\/td><td>Lehre als Chemigraph in Dresden<\/td><\/tr><tr><td>ab 1953<\/td><td>Malkurs an der Volkshochschule bei J\u00fcrgen B\u00f6ttcher (Strawalde)<\/td><\/tr><tr><td>seit 1971<\/td><td>Arbeit als freischaffender Maler, Mitglied der K\u00fcnstlergruppe \u201eL\u00fccke\u201c in Dresden<\/td><\/tr><tr><td>1978<\/td><td>Mitbegr\u00fcnder der Obergrabenpresse Dresden<\/td><\/tr><tr><td>1984<\/td><td>Ausreise nach Hamburg<\/td><\/tr><tr><td>1985<\/td><td>Aufenthalt bei A. R. Penck in London<\/td><\/tr><tr><td>1986<\/td><td>Umzug nach West-Berlin<\/td><\/tr><tr><td>1988-1989<\/td><td>Reisen nach Algerien, Frankreich und Italien<\/td><\/tr><tr><td>1995<\/td><td>Reise nach Brasilien<\/td><\/tr><tr><td>seit 1999<\/td><td>Ordentliches Mitglied der S\u00e4chsischen Akademie der K\u00fcnste<\/td><\/tr><\/tbody><\/table><\/figure>\n\n\n\n<p>Peter Herrmann lebt und arbeitet in Berlin.<\/p>\n\n\n\n<div style=\"height:10px\" aria-hidden=\"true\" class=\"wp-block-spacer\"><\/div>\n\n\n\n<p><strong>Preise und Stipendien<\/strong><\/p>\n\n\n\n<div style=\"height:10px\" aria-hidden=\"true\" class=\"wp-block-spacer\"><\/div>\n\n\n\n<figure class=\"wp-block-table\"><table><tbody><tr><td>2001<\/td><td>Fred-Thieler-Preis f\u00fcr Malerei<\/td><\/tr><tr><td>1999<\/td><td>Stipendium der Konrad-Adenauer-Stiftung<\/td><\/tr><tr><td>1998<\/td><td>Villa Romana-Preis, Florenz<\/td><\/tr><tr><td>1987<\/td><td>Arbeitsstipendium des Senators f\u00fcr Kulturelle Angelegenheiten, Berlin<\/td><\/tr><\/tbody><\/table><\/figure>\n","protected":false},"excerpt":{"rendered":"<p>Biografie 1937 geboren in Gro\u00dfsch\u00f6nau 1951 Lehre als Chemigraph in Dresden ab 1953 Malkurs an der Volkshochschule bei J\u00fcrgen B\u00f6ttcher (Strawalde) seit 1971 Arbeit als freischaffender Maler, Mitglied der K\u00fcnstlergruppe \u201eL\u00fccke\u201c in Dresden 1978 Mitbegr\u00fcnder der Obergrabenpresse Dresden 1984 Ausreise nach Hamburg 1985 Aufenthalt bei A. R. Penck in London 1986 Umzug nach West-Berlin 1988-1989 [&hellip;]<\/p>\n","protected":false},"author":1,"featured_media":0,"parent":1075,"menu_order":0,"comment_status":"closed","ping_status":"closed","template":"kuenstler-text.php","meta":{"_acf_changed":false,"footnotes":""},"class_list":["post-1109","page","type-page","status-publish","hentry"],"acf":[],"_links":{"self":[{"href":"https:\/\/poll-berlin.de\/galerie\/wp-json\/wp\/v2\/pages\/1109","targetHints":{"allow":["GET"]}}],"collection":[{"href":"https:\/\/poll-berlin.de\/galerie\/wp-json\/wp\/v2\/pages"}],"about":[{"href":"https:\/\/poll-berlin.de\/galerie\/wp-json\/wp\/v2\/types\/page"}],"author":[{"embeddable":true,"href":"https:\/\/poll-berlin.de\/galerie\/wp-json\/wp\/v2\/users\/1"}],"replies":[{"embeddable":true,"href":"https:\/\/poll-berlin.de\/galerie\/wp-json\/wp\/v2\/comments?post=1109"}],"version-history":[{"count":13,"href":"https:\/\/poll-berlin.de\/galerie\/wp-json\/wp\/v2\/pages\/1109\/revisions"}],"predecessor-version":[{"id":36417,"href":"https:\/\/poll-berlin.de\/galerie\/wp-json\/wp\/v2\/pages\/1109\/revisions\/36417"}],"up":[{"embeddable":true,"href":"https:\/\/poll-berlin.de\/galerie\/wp-json\/wp\/v2\/pages\/1075"}],"wp:attachment":[{"href":"https:\/\/poll-berlin.de\/galerie\/wp-json\/wp\/v2\/media?parent=1109"}],"curies":[{"name":"wp","href":"https:\/\/api.w.org\/{rel}","templated":true}]}}