{"id":1093,"date":"2021-08-03T12:24:59","date_gmt":"2021-08-03T10:24:59","guid":{"rendered":"https:\/\/poll-berlin.de\/galerie\/?page_id=1093"},"modified":"2025-05-07T15:07:16","modified_gmt":"2025-05-07T13:07:16","slug":"biografie","status":"publish","type":"page","link":"https:\/\/poll-berlin.de\/galerie\/kuenstler-der-galerie\/waldemar-grzimek\/biografie\/","title":{"rendered":"Biografie"},"content":{"rendered":"\n<div style=\"height:10px\" aria-hidden=\"true\" class=\"wp-block-spacer\"><\/div>\n\n\n\n<p><strong>Biografie<\/strong><\/p>\n\n\n\n<div style=\"height:10px\" aria-hidden=\"true\" class=\"wp-block-spacer\"><\/div>\n\n\n\n<figure class=\"wp-block-table\"><table><tbody><tr><td>1918<\/td><td>geboren in Rastenburg, aufgewachsen in Berlin<\/td><\/tr><tr><td>1937<\/td><td>Steinmetzlehre bei der Firma Philipp Holzmann<\/td><\/tr><tr><td>1937-1941<\/td><td>Studium der Bildhauerei an der Hochschule f\u00fcr Bildende K\u00fcnste, Berlin bei Prof. Wilhelm Gerstel<\/td><\/tr><tr><td>1941<\/td><td>Einziehung zum Milit\u00e4rdienst bei der Marine<\/td><\/tr><tr><td>1946-1948<\/td><td>Lehrauftrag an der Burg Giebichenstein, Halle-Saale<\/td><\/tr><tr><td>1948-1951<\/td><td>Professur f\u00fcr Plastik an der Hochschule f\u00fcr Bildende K\u00fcnste, Berlin<\/td><\/tr><tr><td>1950<\/td><td>Entwurf f\u00fcr Th\u00e4lmann-Denkmal in Berlin<\/td><\/tr><tr><td>1952<\/td><td>Studienreise in die Sowjetunion<\/td><\/tr><tr><td>1952-1957<\/td><td>Arbeit als freier Bildhauer in West-Berlin<br>Mitglied des Verbandes Bildender K\u00fcnstler Deutschlands<\/td><\/tr><tr><td>1954-1958<\/td><td>Leiter des Bezirksverbandes Berlin des Verbandes Bildender K\u00fcnstler Deutschlands<\/td><\/tr><tr><td>1956<\/td><td>\u00d6ffentliche Auseinandersetzung um das Heine-Denkmal<\/td><\/tr><tr><td>1957-1961<\/td><td>Professur an der Hochschule f\u00fcr Bildende und Angewandte Kunst in Berlin-Wei\u00dfensee<\/td><\/tr><tr><td>1961<\/td><td>Mitglied der Deutschen Akademie der K\u00fcnste zu Berlin<br>\u00dcbersiedlung nach Friedrichshafen am Bodensee<\/td><\/tr><tr><td>1968<\/td><td>Professur f\u00fcr Plastisches Gestalten an der Technischen Hochschule Darmstadt<\/td><\/tr><tr><td>1984<\/td><td>gestorben in Berlin<\/td><\/tr><\/tbody><\/table><\/figure>\n\n\n\n<div style=\"height:10px\" aria-hidden=\"true\" class=\"wp-block-spacer\"><\/div>\n\n\n\n<p><strong>Preise und Stipendien<\/strong><\/p>\n\n\n\n<div style=\"height:10px\" aria-hidden=\"true\" class=\"wp-block-spacer\"><\/div>\n\n\n\n<figure class=\"wp-block-table\"><table><tbody><tr><td>1984<\/td><td>Verleihung des Bremer Bildhauerpreises<\/td><\/tr><tr><td>1981<\/td><td>1. Preis im Wettbewerb \u201eBrunnen am Wittenbergplatz (Berlin)\u201c<\/td><\/tr><tr><td>1959<\/td><td>Verleihung des Nationalpreises der DDR<\/td><\/tr><tr><td>1942-1943<\/td><td>Rom-Preis der Deutschen Akademie Villa Massimo<\/td><\/tr><tr><td>1931<\/td><td>1. und 2. Preis in der Ausstellung \u201eKind und Hund\u201c<\/td><\/tr><tr><td>1930<\/td><td>Preis bei einem Jugend-Kunstwettbewerb des Berliner Zoos<\/td><\/tr><\/tbody><\/table><\/figure>\n","protected":false},"excerpt":{"rendered":"<p>Biografie 1918 geboren in Rastenburg, aufgewachsen in Berlin 1937 Steinmetzlehre bei der Firma Philipp Holzmann 1937-1941 Studium der Bildhauerei an der Hochschule f\u00fcr Bildende K\u00fcnste, Berlin bei Prof. Wilhelm Gerstel 1941 Einziehung zum Milit\u00e4rdienst bei der Marine 1946-1948 Lehrauftrag an der Burg Giebichenstein, Halle-Saale 1948-1951 Professur f\u00fcr Plastik an der Hochschule f\u00fcr Bildende K\u00fcnste, Berlin [&hellip;]<\/p>\n","protected":false},"author":1,"featured_media":0,"parent":1073,"menu_order":0,"comment_status":"closed","ping_status":"closed","template":"kuenstler-text.php","meta":{"_acf_changed":false,"footnotes":""},"class_list":["post-1093","page","type-page","status-publish","hentry"],"acf":[],"_links":{"self":[{"href":"https:\/\/poll-berlin.de\/galerie\/wp-json\/wp\/v2\/pages\/1093","targetHints":{"allow":["GET"]}}],"collection":[{"href":"https:\/\/poll-berlin.de\/galerie\/wp-json\/wp\/v2\/pages"}],"about":[{"href":"https:\/\/poll-berlin.de\/galerie\/wp-json\/wp\/v2\/types\/page"}],"author":[{"embeddable":true,"href":"https:\/\/poll-berlin.de\/galerie\/wp-json\/wp\/v2\/users\/1"}],"replies":[{"embeddable":true,"href":"https:\/\/poll-berlin.de\/galerie\/wp-json\/wp\/v2\/comments?post=1093"}],"version-history":[{"count":11,"href":"https:\/\/poll-berlin.de\/galerie\/wp-json\/wp\/v2\/pages\/1093\/revisions"}],"predecessor-version":[{"id":42530,"href":"https:\/\/poll-berlin.de\/galerie\/wp-json\/wp\/v2\/pages\/1093\/revisions\/42530"}],"up":[{"embeddable":true,"href":"https:\/\/poll-berlin.de\/galerie\/wp-json\/wp\/v2\/pages\/1073"}],"wp:attachment":[{"href":"https:\/\/poll-berlin.de\/galerie\/wp-json\/wp\/v2\/media?parent=1093"}],"curies":[{"name":"wp","href":"https:\/\/api.w.org\/{rel}","templated":true}]}}

<div style="height:10px" aria-hidden="true" class="wp-block-spacer"></div>



<p><strong>Biografie</strong></p>



<div style="height:10px" aria-hidden="true" class="wp-block-spacer"></div>



<figure class="wp-block-table"><table><tbody><tr><td>1918</td><td>geboren in Rastenburg, aufgewachsen in Berlin</td></tr><tr><td>1937</td><td>Steinmetzlehre bei der Firma Philipp Holzmann</td></tr><tr><td>1937-1941</td><td>Studium der Bildhauerei an der Hochschule für Bildende Künste, Berlin bei Prof. Wilhelm Gerstel</td></tr><tr><td>1941</td><td>Einziehung zum Militärdienst bei der Marine</td></tr><tr><td>1946-1948</td><td>Lehrauftrag an der Burg Giebichenstein, Halle-Saale</td></tr><tr><td>1948-1951</td><td>Professur für Plastik an der Hochschule für Bildende Künste, Berlin</td></tr><tr><td>1950</td><td>Entwurf für Thälmann-Denkmal in Berlin</td></tr><tr><td>1952</td><td>Studienreise in die Sowjetunion</td></tr><tr><td>1952-1957</td><td>Arbeit als freier Bildhauer in West-Berlin<br>Mitglied des Verbandes Bildender Künstler Deutschlands</td></tr><tr><td>1954-1958</td><td>Leiter des Bezirksverbandes Berlin des Verbandes Bildender Künstler Deutschlands</td></tr><tr><td>1956</td><td>Öffentliche Auseinandersetzung um das Heine-Denkmal</td></tr><tr><td>1957-1961</td><td>Professur an der Hochschule für Bildende und Angewandte Kunst in Berlin-Weißensee</td></tr><tr><td>1961</td><td>Mitglied der Deutschen Akademie der Künste zu Berlin<br>Übersiedlung nach Friedrichshafen am Bodensee</td></tr><tr><td>1968</td><td>Professur für Plastisches Gestalten an der Technischen Hochschule Darmstadt</td></tr><tr><td>1984</td><td>gestorben in Berlin</td></tr></tbody></table></figure>



<div style="height:10px" aria-hidden="true" class="wp-block-spacer"></div>



<p><strong>Preise und Stipendien</strong></p>



<div style="height:10px" aria-hidden="true" class="wp-block-spacer"></div>



<figure class="wp-block-table"><table><tbody><tr><td>1984</td><td>Verleihung des Bremer Bildhauerpreises</td></tr><tr><td>1981</td><td>1. Preis im Wettbewerb „Brunnen am Wittenbergplatz (Berlin)“</td></tr><tr><td>1959</td><td>Verleihung des Nationalpreises der DDR</td></tr><tr><td>1942-1943</td><td>Rom-Preis der Deutschen Akademie Villa Massimo</td></tr><tr><td>1931</td><td>1. und 2. Preis in der Ausstellung „Kind und Hund“</td></tr><tr><td>1930</td><td>Preis bei einem Jugend-Kunstwettbewerb des Berliner Zoos</td></tr></tbody></table></figure>

<p>Biografie 1918 geboren in Rastenburg, aufgewachsen in Berlin 1937 Steinmetzlehre bei der Firma Philipp Holzmann 1937-1941 Studium der Bildhauerei an der Hochschule für Bildende Künste, Berlin bei Prof. Wilhelm Gerstel 1941 Einziehung zum Militärdienst bei der Marine 1946-1948 Lehrauftrag an der Burg Giebichenstein, Halle-Saale 1948-1951 Professur für Plastik an der Hochschule für Bildende Künste, Berlin [&hellip;]</p>
