{"id":1059,"date":"2021-06-19T15:55:56","date_gmt":"2021-06-19T13:55:56","guid":{"rendered":"https:\/\/poll-berlin.de\/galerie\/?page_id=1059"},"modified":"2025-07-01T16:07:45","modified_gmt":"2025-07-01T14:07:45","slug":"werke-in-sammlungen","status":"publish","type":"page","link":"https:\/\/poll-berlin.de\/galerie\/kuenstler-der-galerie\/markus-draper\/werke-in-sammlungen\/","title":{"rendered":"Werke in Sammlungen"},"content":{"rendered":"\n<p><strong>Werke in Sammlungen<\/strong><\/p>\n\n\n\n<p>Berlinische Galerie &#8211; Museum f\u00fcr Moderne Kunst<br>Kunstsammlung im Willy-Brandt-Haus, Berlin<br>Amt f\u00fcr Grundst\u00fccke und Geb\u00e4ude, Bern<br>Sammlung zeitgen\u00f6ssischer Kunst der Bundesrepublik Deutschland, Bonn<br>Kunstsammlungen Chemnitz<br>Vattenfall Europe Mining &amp; Generation, Cottbus<br>Albertinum der Staatlichen Kunstsammlungen Dresden<br>Kunstfonds der Staatlichen Kunstsammlungen Dresden<br>Skulpturensammlung der Staatlichen Kunstsammlungen Dresden<br>St\u00e4dtische Galerie Dresden<br>Museum Folkwang, Essen<br>Sammlung Sparkasse Essen<br>Kulturhistorisches Museum G\u00f6rlitz<br>Kunstsammlung der DFS Deutsche Flugsicherung, Langen<br>M\u00e4rkisches Museum Witten<\/p>\n\n\n\n<div style=\"height:10px\" aria-hidden=\"true\" class=\"wp-block-spacer\"><\/div>\n","protected":false},"excerpt":{"rendered":"<p>Werke in Sammlungen Berlinische Galerie &#8211; Museum f\u00fcr Moderne KunstKunstsammlung im Willy-Brandt-Haus, BerlinAmt f\u00fcr Grundst\u00fccke und Geb\u00e4ude, BernSammlung zeitgen\u00f6ssischer Kunst der Bundesrepublik Deutschland, BonnKunstsammlungen ChemnitzVattenfall Europe Mining &amp; Generation, CottbusAlbertinum der Staatlichen Kunstsammlungen DresdenKunstfonds der Staatlichen Kunstsammlungen DresdenSkulpturensammlung der Staatlichen Kunstsammlungen DresdenSt\u00e4dtische Galerie DresdenMuseum Folkwang, EssenSammlung Sparkasse EssenKulturhistorisches Museum G\u00f6rlitzKunstsammlung der DFS Deutsche Flugsicherung, LangenM\u00e4rkisches [&hellip;]<\/p>\n","protected":false},"author":1,"featured_media":0,"parent":1055,"menu_order":2,"comment_status":"closed","ping_status":"closed","template":"kuenstler-text.php","meta":{"_acf_changed":false,"footnotes":""},"class_list":["post-1059","page","type-page","status-publish","hentry"],"acf":[],"_links":{"self":[{"href":"https:\/\/poll-berlin.de\/galerie\/wp-json\/wp\/v2\/pages\/1059","targetHints":{"allow":["GET"]}}],"collection":[{"href":"https:\/\/poll-berlin.de\/galerie\/wp-json\/wp\/v2\/pages"}],"about":[{"href":"https:\/\/poll-berlin.de\/galerie\/wp-json\/wp\/v2\/types\/page"}],"author":[{"embeddable":true,"href":"https:\/\/poll-berlin.de\/galerie\/wp-json\/wp\/v2\/users\/1"}],"replies":[{"embeddable":true,"href":"https:\/\/poll-berlin.de\/galerie\/wp-json\/wp\/v2\/comments?post=1059"}],"version-history":[{"count":9,"href":"https:\/\/poll-berlin.de\/galerie\/wp-json\/wp\/v2\/pages\/1059\/revisions"}],"predecessor-version":[{"id":43270,"href":"https:\/\/poll-berlin.de\/galerie\/wp-json\/wp\/v2\/pages\/1059\/revisions\/43270"}],"up":[{"embeddable":true,"href":"https:\/\/poll-berlin.de\/galerie\/wp-json\/wp\/v2\/pages\/1055"}],"wp:attachment":[{"href":"https:\/\/poll-berlin.de\/galerie\/wp-json\/wp\/v2\/media?parent=1059"}],"curies":[{"name":"wp","href":"https:\/\/api.w.org\/{rel}","templated":true}]}}

<p><strong>Werke in Sammlungen</strong></p>



<p>Berlinische Galerie &#8211; Museum für Moderne Kunst<br>Kunstsammlung im Willy-Brandt-Haus, Berlin<br>Amt für Grundstücke und Gebäude, Bern<br>Sammlung zeitgenössischer Kunst der Bundesrepublik Deutschland, Bonn<br>Kunstsammlungen Chemnitz<br>Vattenfall Europe Mining &amp; Generation, Cottbus<br>Albertinum der Staatlichen Kunstsammlungen Dresden<br>Kunstfonds der Staatlichen Kunstsammlungen Dresden<br>Skulpturensammlung der Staatlichen Kunstsammlungen Dresden<br>Städtische Galerie Dresden<br>Museum Folkwang, Essen<br>Sammlung Sparkasse Essen<br>Kulturhistorisches Museum Görlitz<br>Kunstsammlung der DFS Deutsche Flugsicherung, Langen<br>Märkisches Museum Witten</p>



<div style="height:10px" aria-hidden="true" class="wp-block-spacer"></div>

<p>Werke in Sammlungen Berlinische Galerie &#8211; Museum für Moderne KunstKunstsammlung im Willy-Brandt-Haus, BerlinAmt für Grundstücke und Gebäude, BernSammlung zeitgenössischer Kunst der Bundesrepublik Deutschland, BonnKunstsammlungen ChemnitzVattenfall Europe Mining &amp; Generation, CottbusAlbertinum der Staatlichen Kunstsammlungen DresdenKunstfonds der Staatlichen Kunstsammlungen DresdenSkulpturensammlung der Staatlichen Kunstsammlungen DresdenStädtische Galerie DresdenMuseum Folkwang, EssenSammlung Sparkasse EssenKulturhistorisches Museum GörlitzKunstsammlung der DFS Deutsche Flugsicherung, LangenMärkisches [&hellip;]</p>
