{"id":12,"date":"2025-07-31T21:08:37","date_gmt":"2025-07-31T19:08:37","guid":{"rendered":"https:\/\/poll-berlin.de\/Stiftung\/?page_id=12"},"modified":"2025-11-18T02:23:09","modified_gmt":"2025-11-18T01:23:09","slug":"stiftung","status":"publish","type":"page","link":"https:\/\/poll-berlin.de\/Stiftung\/stiftung\/","title":{"rendered":"Kunststiftung Poll"},"content":{"rendered":"\n<p>Die 1986 als gemeinn\u00fctzige Gesellschaft gegr\u00fcndete Kunststiftung Poll widmet sich der F\u00f6rderung und Erforschung figurativer Kunst im 20. und 21. Jahrhundert. Sie setzt sich daf\u00fcr ein, dass bestimmte k\u00fcnstlerische Einzelpositionen des Realismus, unabh\u00e4ngig von Tagesmoden oder Entwicklungen des Marktes, f\u00fcr die \u00d6ffentlichkeit zug\u00e4nglich bleiben, fachkundig betreut werden und wissenschaftliche Aufmerksamkeit erfahren.<\/p>\n\n\n\n<p>Hierbei spielt die Kunstsammlung der Stiftung, die seit der Best\u00e4tigung der zust\u00e4ndigen Landesbeh\u00f6rde Museumseigenschaft besitzt, eine zentrale Rolle. Schwerpunkt der stiftungseigenen Arbeiten bilden die k\u00fcnstlerischen Nachl\u00e4sse, Zustiftungen und Werkgruppen von Christel Poll und Hermann Poll, Herbert Kaufmann, Maina-Miriam Munsky und Peter Sorge u. a. sowie Arbeiten europ\u00e4ischer K\u00fcnstler, die in der zweiten H\u00e4lfte des 20. Jahrhunderts \u00e4hnliche Entwicklungen genommen haben. Zuletzt wurde das fotografische Archiv des 2004 verstorbenen K\u00fcnstlerfotografen Erhard Wehrmann von der Kunststiftung \u00fcbernommen. Die Stiftung bem\u00fcht sich weiterhin um Werke, die sich sowohl mit aktuellen gesellschaftlichen Erscheinungen als auch mit den gro\u00dfen realistischen Str\u00f6mungen der ersten H\u00e4lfte des 20. Jahrhunderts auseinandersetzen.<\/p>\n\n\n\n<p>Ab 1997 zeigte die Kunststiftung in der von ihr bis Anfang 2017 gef\u00fchrten Galerie in der ehemaligen Musikschule Mitte regelm\u00e4\u00dfig Ausstellungen nicht nur aus den Best\u00e4nden, sondern auch Arbeiten von zeitgen\u00f6ssischen K\u00fcnstlern mit Schwerpunkt Fotografie. Die Erarbeitung von Werkverzeichnissen einzelner K\u00fcnstler der Sammlung sowie wissenschaftliche Projekte erg\u00e4nzen die Arbeit der Stiftung, die von einem Beirat unterst\u00fctzt wird, der sich aus Ausstellungsmachern, K\u00fcnstlern und Kunsthistorikern zusammensetzt. Eine ihrer Aufgaben sieht die Kunststiftung auch darin, an k\u00fcnstlerische Positionen zu erinnern, die in der Hektik des Marktes und zunehmender Kunstbetriebsamkeit in Vergessenheit zu geraten drohen.<\/p>\n\n\n\n<p>Mit ihrem j\u00fcngsten Vorhaben \u201e<a href=\"https:\/\/poll-berlin.de\/Stiftung\/stiftung\/garnisionkirchplatz\/\" data-type=\"page\" data-id=\"27\">Drei Berliner Bildhauerinnen auf dem Garnisonkirchplatz in Berlin-Mitte<\/a>\u201c m\u00f6chte die Kunststiftung mit der Aufstellung von Skulpturen der Bildhauerinnen Sabina Grzimek, Emerita Pansowov\u00e1 und Genni \/ Jenny Wiegmann-Mucchi den Blick auf herausragende Berliner Bildhauerinnen und ihr Werk lenken und zugleich auf die reiche Tradition der Berliner Bildhauerkunst aufmerksam machen. Hierf\u00fcr sucht die Kunststiftung weitere Unterst\u00fctzer und Sponsoren.<\/p>\n\n\n\n<p><\/p>\n","protected":false},"excerpt":{"rendered":"<p>Die 1986 als gemeinn\u00fctzige Gesellschaft gegr\u00fcndete Kunststiftung Poll widmet sich der F\u00f6rderung und Erforschung figurativer Kunst im 20. und 21. Jahrhundert. Sie setzt sich daf\u00fcr ein, dass bestimmte k\u00fcnstlerische Einzelpositionen des Realismus, unabh\u00e4ngig von Tagesmoden oder Entwicklungen des Marktes, f\u00fcr die \u00d6ffentlichkeit zug\u00e4nglich bleiben, fachkundig betreut werden und wissenschaftliche Aufmerksamkeit erfahren. Hierbei spielt die Kunstsammlung [&hellip;]<\/p>\n","protected":false},"author":1,"featured_media":1875,"parent":0,"menu_order":1,"comment_status":"closed","ping_status":"closed","template":"","meta":{"_acf_changed":false,"footnotes":""},"class_list":["post-12","page","type-page","status-publish","has-post-thumbnail","hentry"],"acf":[],"_links":{"self":[{"href":"https:\/\/poll-berlin.de\/Stiftung\/wp-json\/wp\/v2\/pages\/12","targetHints":{"allow":["GET"]}}],"collection":[{"href":"https:\/\/poll-berlin.de\/Stiftung\/wp-json\/wp\/v2\/pages"}],"about":[{"href":"https:\/\/poll-berlin.de\/Stiftung\/wp-json\/wp\/v2\/types\/page"}],"author":[{"embeddable":true,"href":"https:\/\/poll-berlin.de\/Stiftung\/wp-json\/wp\/v2\/users\/1"}],"replies":[{"embeddable":true,"href":"https:\/\/poll-berlin.de\/Stiftung\/wp-json\/wp\/v2\/comments?post=12"}],"version-history":[{"count":6,"href":"https:\/\/poll-berlin.de\/Stiftung\/wp-json\/wp\/v2\/pages\/12\/revisions"}],"predecessor-version":[{"id":1966,"href":"https:\/\/poll-berlin.de\/Stiftung\/wp-json\/wp\/v2\/pages\/12\/revisions\/1966"}],"wp:featuredmedia":[{"embeddable":true,"href":"https:\/\/poll-berlin.de\/Stiftung\/wp-json\/wp\/v2\/media\/1875"}],"wp:attachment":[{"href":"https:\/\/poll-berlin.de\/Stiftung\/wp-json\/wp\/v2\/media?parent=12"}],"curies":[{"name":"wp","href":"https:\/\/api.w.org\/{rel}","templated":true}]}}