{"id":7,"date":"2022-11-24T13:19:24","date_gmt":"2022-11-24T12:19:24","guid":{"rendered":"https:\/\/poll-berlin.de\/Kanzlei\/?page_id=7"},"modified":"2023-06-15T17:23:03","modified_gmt":"2023-06-15T15:23:03","slug":"die-kanlzei","status":"publish","type":"page","link":"https:\/\/poll-berlin.de\/Kanzlei\/","title":{"rendered":"Die Kanzlei"},"content":{"rendered":"\n<h2 class=\"wp-block-heading\">Die Kanzlei Rerum Congnoscere Causas<\/h2>\n\n\n\n<p>\u201eRerum Congnoscere Causas\u201c \u2013 Die Ursachen der Dinge erkennen \u2013 oder \u2013 Den Dingen auf den Grund gehen\u201c \u2013 Der auf drei Worte verk\u00fcrzte Vers aus Vergils Georgica bildete bereits das Leitmotiv der 1966 im damaligen West-Berlin gegr\u00fcndeten Kanzlei Lothar C. Poll. Nach langj\u00e4hriger Zusammenarbeit kooperieren wir weiter mit den Standorten Berlin-Mitte und Berlin-Wilmersdorf.<\/p>\n","protected":false},"excerpt":{"rendered":"<p>Die Kanzlei Rerum Congnoscere Causas \u201eRerum Congnoscere Causas\u201c \u2013 Die Ursachen der Dinge erkennen \u2013 oder \u2013 Den Dingen auf den Grund gehen\u201c \u2013 Der auf drei Worte verk\u00fcrzte Vers aus Vergils Georgica bildete bereits das Leitmotiv der 1966 im damaligen West-Berlin gegr\u00fcndeten Kanzlei Lothar C. Poll. Nach langj\u00e4hriger Zusammenarbeit kooperieren wir weiter mit den [&hellip;]<\/p>\n","protected":false},"author":1,"featured_media":39,"parent":0,"menu_order":0,"comment_status":"closed","ping_status":"closed","template":"","meta":{"footnotes":""},"class_list":["post-7","page","type-page","status-publish","has-post-thumbnail","hentry"],"_links":{"self":[{"href":"https:\/\/poll-berlin.de\/Kanzlei\/wp-json\/wp\/v2\/pages\/7"}],"collection":[{"href":"https:\/\/poll-berlin.de\/Kanzlei\/wp-json\/wp\/v2\/pages"}],"about":[{"href":"https:\/\/poll-berlin.de\/Kanzlei\/wp-json\/wp\/v2\/types\/page"}],"author":[{"embeddable":true,"href":"https:\/\/poll-berlin.de\/Kanzlei\/wp-json\/wp\/v2\/users\/1"}],"replies":[{"embeddable":true,"href":"https:\/\/poll-berlin.de\/Kanzlei\/wp-json\/wp\/v2\/comments?post=7"}],"version-history":[{"count":4,"href":"https:\/\/poll-berlin.de\/Kanzlei\/wp-json\/wp\/v2\/pages\/7\/revisions"}],"predecessor-version":[{"id":65,"href":"https:\/\/poll-berlin.de\/Kanzlei\/wp-json\/wp\/v2\/pages\/7\/revisions\/65"}],"wp:featuredmedia":[{"embeddable":true,"href":"https:\/\/poll-berlin.de\/Kanzlei\/wp-json\/wp\/v2\/media\/39"}],"wp:attachment":[{"href":"https:\/\/poll-berlin.de\/Kanzlei\/wp-json\/wp\/v2\/media?parent=7"}],"curies":[{"name":"wp","href":"https:\/\/api.w.org\/{rel}","templated":true}]}}