{"id":15,"date":"2022-11-24T16:24:31","date_gmt":"2022-11-24T15:24:31","guid":{"rendered":"https:\/\/poll-berlin.de\/Kanzlei\/index.php\/die-kanlzei\/lothar-c-poll\/"},"modified":"2024-07-22T16:31:34","modified_gmt":"2024-07-22T14:31:34","slug":"lothar-c-poll","status":"publish","type":"page","link":"https:\/\/poll-berlin.de\/Kanzlei\/die-kanlzei\/lothar-c-poll\/","title":{"rendered":"Lothar C. Poll"},"content":{"rendered":"\n<h2 class=\"wp-block-heading\">Rechtsanwalt Lothar C. Poll<\/h2>\n\n\n\n<p>geboren 1937 in Berlin<br>Seniorpartner der im Jahre 1965 gegr\u00fcndeten Anwaltskanzlei Poll<br>bis 1984 Justitiar, danach bis 1993 Verleger und Herausgeber der Berliner Tageszeitung \u201eDer Tagesspiegel\u201c sowie Gesch\u00e4ftsf\u00fchrer der Verlagsgruppe<br>langj\u00e4hrige Anwaltst\u00e4tigkeit in Zusammenarbeit mit Rechtsanw\u00e4ltin Anne Werthsch\u00fctzky<\/p>\n\n\n\n<p>Gr\u00fcnder und Gesellschafter-Gesch\u00e4ftsf\u00fchrer der gemeinn\u00fctzigen Kunststiftung Poll<br>Dank dieser T\u00e4tigkeiten mit den rechtlichen Fragestellungen in unternehmerischen, publizistischen und medienrechtlichen Bereichen seit drei Jahrzehnten vertraut<\/p>\n\n\n\n<p><\/p>\n\n\n\n<p><em>Arbeitsschwerpunkte<\/em>:<br>Presse-, Medien-, Kunst- und Gesellschaftsrecht<\/p>\n\n\n\n<p>1988-1998 Lehrbeauftragter am Publizistischen Institut und am Otto-Suhr-Institut der FU<br>1988-1994 Pr\u00e4sident der Friends of Villa Aurora Inc. Los Angeles, California<br>1987-2012 Vorsitzender von Habimah Berlin \u2013 Verein zur F\u00f6rderung j\u00fcdischer Kultur<br>1993-1998 Vorsitzender des Vereins der Freunde und F\u00f6rderer des Deutschen Theaters<br>1999-2006 Mitglied des Kuratoriums der Stiftung Denkmal f\u00fcr die ermordeten Juden Europas<br>1998-2001 Mitglied des Vorstands der Gesellschaft f\u00fcr ein J\u00fcdisches Museum in Berlin<\/p>\n\n\n\n<p><em>Mitgliedschaften u.a.:<\/em><br>Republikanische Anw\u00e4ltinnen und Anw\u00e4lteverein (RAV)<br>Studienkreis f\u00fcr Presserecht und Pressefreiheit<br>Deutscher Anwaltsverein<br>Gegen Vergessen f\u00fcr Demokratie e.V.<br>Berliner Presse Club<br>Humanistische Union<br>Kontakty \u2013 Verein f\u00fcr Kontakte zu L\u00e4ndern der ehemaligen Sowjetunion<\/p>\n\n\n\n<p>Zahlreiche Buch- und Zeitschriftenver\u00f6ffentlichungen<br>Herausgabe des Lesebuches \u201e1948 \u2013 Ein Augenblick Berlin\/Auf dem Weg zur geteilten Stadt\u201c<br>mit Texten von Erik Reger, Rudolf Herrnstadt, Kurt Hiller, Franz Karl Maier, Karena Niehoff u.a.<\/p>\n\n\n\n<p><\/p>\n\n\n\n<p><\/p>\n\n\n\n<p><br><\/p>\n","protected":false},"excerpt":{"rendered":"<p>Rechtsanwalt Lothar C. Poll geboren 1937 in BerlinSeniorpartner der im Jahre 1965 gegr\u00fcndeten Anwaltskanzlei Pollbis 1984 Justitiar, danach bis 1993 Verleger und Herausgeber der Berliner Tageszeitung \u201eDer Tagesspiegel\u201c sowie Gesch\u00e4ftsf\u00fchrer der Verlagsgruppelangj\u00e4hrige Anwaltst\u00e4tigkeit in Zusammenarbeit mit Rechtsanw\u00e4ltin Anne Werthsch\u00fctzky Gr\u00fcnder und Gesellschafter-Gesch\u00e4ftsf\u00fchrer der gemeinn\u00fctzigen Kunststiftung PollDank dieser T\u00e4tigkeiten mit den rechtlichen Fragestellungen in unternehmerischen, publizistischen [&hellip;]<\/p>\n","protected":false},"author":1,"featured_media":67,"parent":7,"menu_order":0,"comment_status":"closed","ping_status":"closed","template":"","meta":{"footnotes":""},"class_list":["post-15","page","type-page","status-publish","has-post-thumbnail","hentry"],"_links":{"self":[{"href":"https:\/\/poll-berlin.de\/Kanzlei\/wp-json\/wp\/v2\/pages\/15"}],"collection":[{"href":"https:\/\/poll-berlin.de\/Kanzlei\/wp-json\/wp\/v2\/pages"}],"about":[{"href":"https:\/\/poll-berlin.de\/Kanzlei\/wp-json\/wp\/v2\/types\/page"}],"author":[{"embeddable":true,"href":"https:\/\/poll-berlin.de\/Kanzlei\/wp-json\/wp\/v2\/users\/1"}],"replies":[{"embeddable":true,"href":"https:\/\/poll-berlin.de\/Kanzlei\/wp-json\/wp\/v2\/comments?post=15"}],"version-history":[{"count":19,"href":"https:\/\/poll-berlin.de\/Kanzlei\/wp-json\/wp\/v2\/pages\/15\/revisions"}],"predecessor-version":[{"id":115,"href":"https:\/\/poll-berlin.de\/Kanzlei\/wp-json\/wp\/v2\/pages\/15\/revisions\/115"}],"up":[{"embeddable":true,"href":"https:\/\/poll-berlin.de\/Kanzlei\/wp-json\/wp\/v2\/pages\/7"}],"wp:featuredmedia":[{"embeddable":true,"href":"https:\/\/poll-berlin.de\/Kanzlei\/wp-json\/wp\/v2\/media\/67"}],"wp:attachment":[{"href":"https:\/\/poll-berlin.de\/Kanzlei\/wp-json\/wp\/v2\/media?parent=15"}],"curies":[{"name":"wp","href":"https:\/\/api.w.org\/{rel}","templated":true}]}}